(-2)/(-26)*1)?
13
Let o be (-3)/4*(5 + -9). Let i = 13 - o. What are the prime factors of i?
2, 5
Let g(t) = t**2 - 12*t + 16. List the prime factors of g(13).
29
Let d be (13/(-2))/((-2)/(-4)). Let t = -3 - d. What are the prime factors of t?
2, 5
Let u = 28 - 9. List the prime factors of u.
19
Let s(x) = -x**3 + x**2 - x. Let k be s(2). Let g = -2 - k. List the prime factors of g.
2
Suppose 3*n + 7 = 2*o, 2*n - 2 = 4*o - 4. List the prime factors of n + (-1 + -1 - -15).
2, 5
What are the prime factors of 24/2*-6*(-4)/4?
2, 3
Let m(b) = -2*b**2 + 2*b + 92. List the prime factors of m(0).
2, 23
Let m = -15 + 15. Suppose -2*c - 2*q - 18 = -3*c, m = q + 1. What are the prime factors of c?
2
Suppose 44 = -4*v - 2*s, v + 4*s = -2*v - 38. List the prime factors of (-196)/v + 6/(-10).
19
Suppose -f + 18 = -4*f. Let a(r) be the third derivative of r**5/60 + r**4/4 + 4*r**3/3 + r**2. What are the prime factors of a(f)?
2
Suppose -3*u + 75 = 5*r, 4*u = r + 4*r - 110. Suppose 3*n + 0*n = 0. Suppose 3*t - r = -n*t. What are the prime factors of t?
2, 3
Let y(u) = 6*u**2 - u - 12. List the prime factors of y(-6).
2, 3, 5, 7
Suppose r = -4*g + 25, 2*r - 20 = -2*r. Suppose -3*a = -g*a. List the prime factors of -3 - -4 - (-18 - a).
19
Suppose 0 = -43*y + 45*y - 44. List the prime factors of y.
2, 11
Suppose -7*r = -4*p - 2*r - 1, 0 = -5*p + 5*r. List the prime factors of (2 - 1) + p - -2.
2
Let f be 60/14 - (-12)/(-42). Suppose 0 = -f*o - o + 70. List the prime factors of o.
2, 7
Let m(v) = 30*v - 59. List the prime factors of m(9).
211
Suppose 2*s = -3*m - 9, 4*m - 9*m = 3*s + 14. List the prime factors of 12 + 2 - (m + 4).
11
Let q(k) = k**3 + 4*k**2 + 2*k - 4. Let u be q(-3). Let n be -3 - u*(-14)/(-2). Suppose -n*t + 4*i + 88 = 0, -t - 1 = 4*i - 3. What are the prime factors of t?
2, 3
Let r = 29 - -3. Suppose r = 2*m - 0*m. List the prime factors of m.
2
What are the prime factors of (23/18 - 2/(-9))*78?
3, 13
Let a(f) be the second derivative of f**6/120 + f**5/30 + f**4/8 - f**3/6 - f. Let u(c) be the second derivative of a(c). List the prime factors of u(-2).
7
Let v = 325 + -173. Let g = v - 99. Suppose 0 = -4*h - n - 4*n + g, 0 = h + 2*n - 17. What are the prime factors of h?
7
List the prime factors of (-2)/7 + (-736)/(-28).
2, 13
Let y be 51/15 - (-2)/(-5). Let t = 3 - y. Suppose -4*j + 2*j + 20 = t. What are the prime factors of j?
2, 5
Suppose -3*q + 450 = 5*h, -4*q = -6*h + h - 635. List the prime factors of q.
5, 31
Suppose -4*l - 2 = 6. What are the prime factors of (-12)/(-3) + l + 1?
3
Suppose -3*g - 4*v - 4 + 101 = 0, -5*g - 3*v = -158. List the prime factors of g.
31
Suppose -2 + 20 = -3*z. Let r(f) = -f**2 - 7*f - 4. Let c be r(z). Suppose 4*p = c*x + 56, 32 = 2*p - 0*p - 2*x. What are the prime factors of p?
2, 3
Let o(r) = -r**3 + 10*r**2 - 10*r - 11. Let s be o(9). Let z be (6/4)/((-3)/s). Let m = 1 + z. List the prime factors of m.
11
Let d = -15 + 9. Let n(h) = -h**2 - 8*h - 5. What are the prime factors of n(d)?
7
Suppose -c + 2*q - q + 68 = 0, 4*q = 0. What are the prime factors of c?
2, 17
Let v(l) = l**3 + 6*l**2 - 2*l - 3. Let k be v(-6). Let t = k + -2. What are the prime factors of t?
7
Suppose 3*o = -2*o + 150. List the prime factors of o.
2, 3, 5
Suppose -5*c = -l - 3*l - 177, -5*l - 147 = -4*c. What are the prime factors of c?
3, 11
Suppose 0 = u + 4, 2*u - u + 32 = 4*h. Suppose -2*v + 4 = 0, -h*z + 82 = -3*z + v. List the prime factors of z.
2, 5
Let c be (-4)/8*7*-4. Suppose 0 = 5*o - 71 - c. What are the prime factors of o?
17
Let c(l) = 2*l + 2. Suppose 0*d + 5*d - 30 = 0. What are the prime factors of c(d)?
2, 7
Suppose -3*w - 6 = -4*a, 7*w + 5 = 5*a + 2*w. Suppose -3*y = p - 13, a*p + 0*p = 2*y - 27. Let j = 11 - y. List the prime factors of j.
5
Let u = 62 + 23. Let l = u - 30. List the prime factors of l.
5, 11
Let o(l) = -l**3 + l - 2. Let v be o(-2). Suppose 4*d + 4*f + 8 = 0, 3*d + 2*f = -4 + 2. List the prime factors of 2 + v + (1 - d).
5
Let r = 21 + -13. What are the prime factors of r?
2
Let c(s) = 4*s + 25. Suppose 5*r - 9 = 4*r. Let j(x) = -x - 6. Let h(q) = r*j(q) + 2*c(q). List the prime factors of h(-6).
2
Let q = -36 + 87. List the prime factors of q.
3, 17
Let v be 135/(-10)*(-4)/(-2). Let o(w) = -2*w**2. Let d be o(-3). Let p = d - v. List the prime factors of p.
3
Let z = 306 - 212. List the prime factors of z.
2, 47
Let g(i) = -i - 7. Let t be g(-7). Suppose t = -q - 1 + 6. Suppose -n - 12 = -q*n. List the prime factors of n.
3
Suppose 0 = -2*c + 9*c - 406. List the prime factors of c.
2, 29
Suppose -38 = 3*w - 4*w. List the prime factors of w.
2, 19
Let t(x) = 11*x. Let i be t(-1). Let d = i + 18. What are the prime factors of d?
7
Let a = -18 + 22. Suppose a*z + 2*l - 136 = 0, -46 = 2*z + 3*l - 110. List the prime factors of z.
5, 7
Let x(w) = -10*w**3 - 3*w**2 + 2*w + 9. What are the prime factors of x(-3)?
2, 3, 41
Let k be (-6)/(-3)*(-110)/(-5). Suppose 92 = 3*j + 5. Let z = k - j. What are the prime factors of z?
3, 5
Suppose -a + 0*a = -155. Suppose 3*k = -2*k + a. Suppose -5*m + y + 49 = 0, 0 = 2*m + m + y - k. What are the prime factors of m?
2, 5
Let z(r) = r**3 + 5*r**2 + 2*r + 3. Let j be (24/(-16))/(3/20). Let m = j + 6. List the prime factors of z(m).
11
Suppose -9*v + 2*v + 245 = 0. What are the prime factors of v?
5, 7
Suppose 3*z + 9 + 5 = b, -2*b = 5*z - 39. List the prime factors of b.
17
Let k(a) = -2*a**3 - 10*a**2 + 3*a. What are the prime factors of k(-6)?
2, 3
Let r(y) = y**3 - 5*y**2 - 5*y + 1. Let u be r(6). Suppose -4*c + 4*z + 21 = -u, -c - 3*z = -11. List the prime factors of c.
2
List the prime factors of 3 - (-1 + -104) - (2 + -1).
107
Let j(d) = 4*d + 4. Let u be j(4). Let x = u + -13. Suppose 0 = 4*w - 37 - x. List the prime factors of w.
11
Suppose b = 6*b + 10. What are the prime factors of (15/b)/(3/(-4))?
2, 5
Suppose 0 = 3*o - 2*o. Suppose 3*c + o*c = 12. Suppose c*k = k + 48. What are the prime factors of k?
2
Let z(f) = -94*f - 1. List the prime factors of z(-2).
11, 17
List the prime factors of -2*((-565)/(-2))/(-5).
113
Suppose -2*c - 183 + 27 = 0. Let z = c + 109. What are the prime factors of z?
31
Let q = 19 + -14. Suppose -s + q = -0*s. List the prime factors of s.
5
Suppose 0 = 2*s - 5*s + 441. List the prime factors of s.
3, 7
Let i(x) be the second derivative of 0 + 1/2*x**2 - x - 4/3*x**3. List the prime factors of i(-1).
3
Let a = 50 - 30. Suppose -a - 46 = -2*w. Suppose 0 = -4*l + w - 1. List the prime factors of l.
2
Let h(y) be the first derivative of -y**2/2 + 4*y - 1. Let j be h(4). Suppose j*f - 2*f + 3*i = -30, 2*f = -5*i - 2. List the prime factors of f.
3
Let x(k) = -12*k. Let s(m) = -m - 1. Let r(n) = 10*s(n) - x(n). List the prime factors of r(7).
2
Let r = -81 - -176. List the prime factors of r.
5, 19
Let j(g) = -g**3 - g**2 - g - 1. Let s be j(-2). Suppose -s*i + i - 5*p = -21, -5*i + 3*p + 17 = 0. Suppose -i*w = -w - 15. List the prime factors of w.
5
Let g be 4/18 + 50/18. Suppose 0 = 2*r - g*a - 12, 5*a + 18 = 2*r + r. List the prime factors of r.
2, 3
Suppose 3*p - 49 = -c, 3*c = p - 0*c - 33. What are the prime factors of p?
2, 3
Let n = 4 + -2. Suppose f - n = 1. What are the prime factors of (-28 - (f - 1))/(-2)?
3, 5
Let o = -32 + 29. Let b(u) = 3*u**2 - u + 1. List the prime factors of b(o).
31
Let i(c) = -c**3 + 5*c**2 + c + 5. Let l be i(5). Let v be l*(33/(-6) + 0). Let s = v - -77. List the prime factors of s.
2, 11
Let v(y) = -y**2 + 2*y - 1. Let b be v(2). Let j = -9 + 24. Let c = j - b. List the prime factors of c.
2
Suppose -4*y + 25 = -187. What are the prime factors of y?
53
Suppose 6*o = 4*o - 12. What are the prime factors of ((-72)/32)/(o/64)?
2, 3
Suppose 5*p = -4*p + 900. List the prime factors of p.
2, 5
Let l = 21 + -19. Suppose 2*q + 5*n = 61, -12 = -2*n - l*n. List the prime factors of q.
23
Suppose -3*n + 200 = -2*q, -6*n + 5*n + 2*q + 72 = 0. List the prime factors of n.
2
Suppose -4*d + d + 66 = g, 3*g - 106 = -5*d. What are the prime factors of d?
23
Let j = -5 - -10. Let l = 7 - j. Suppose -4*z + 3*d - 9 = -2, 4*d - 24 = -l*z. What are the prime factors of z?
2
Let q(g) = -g**2 - 27*g - 30. What are the prime factors of q(-16)?
2, 73
Let p be 2/(-4) - (-81)/2. Suppose 8*u - p = 4*u. Suppose -7 =